44?
2, 3, 7, 401
List the prime factors of 39827.
39827
List the prime factors of 145644.
2, 3, 53, 229
What are the prime factors of 20263506?
2, 3, 23, 146837
List the prime factors of 22921546.
2, 53, 101, 2141
What are the prime factors of 1504858?
2, 97, 7757
List the prime factors of 190886.
2, 95443
List the prime factors of 204239.
7, 163, 179
List the prime factors of 1055940.
2, 3, 5, 17599
What are the prime factors of 730106?
2, 13, 28081
List the prime factors of 201724.
2, 29, 37, 47
List the prime factors of 4262527.
179, 23813
What are the prime factors of 11690575?
5, 13, 2767
What are the prime factors of 1709614?
2, 854807
List the prime factors of 9806917.
9806917
List the prime factors of 212139.
3, 97
List the prime factors of 3483984.
2, 3, 7, 10369
List the prime factors of 5588740.
2, 5, 227, 1231
List the prime factors of 58161.
3, 19387
List the prime factors of 230006.
2, 7, 2347
What are the prime factors of 242223?
3, 263, 307
List the prime factors of 17336670.
2, 3, 5, 13, 44453
What are the prime factors of 1365303?
3, 23, 47, 421
What are the prime factors of 95617?
95617
What are the prime factors of 7276?
2, 17, 107
List the prime factors of 3136320.
2, 3, 5, 11
What are the prime factors of 223769?
7, 13, 2459
What are the prime factors of 790463?
619, 1277
List the prime factors of 147982.
2, 23, 3217
List the prime factors of 2466817.
967, 2551
What are the prime factors of 3674805?
3, 5, 17, 14411
What are the prime factors of 124055?
5, 43, 577
List the prime factors of 205420.
2, 5, 10271
What are the prime factors of 26084493?
3, 83, 34919
What are the prime factors of 138045?
3, 5, 9203
What are the prime factors of 1067735?
5, 179, 1193
List the prime factors of 28295507.
67, 422321
List the prime factors of 84506.
2, 29, 31, 47
List the prime factors of 213434.
2, 13, 8209
List the prime factors of 1551072.
2, 3, 107, 151
List the prime factors of 140701.
11, 12791
What are the prime factors of 1967573?
163, 12071
List the prime factors of 277267.
19, 14593
List the prime factors of 238317.
3, 19, 37, 113
What are the prime factors of 10318?
2, 7, 11, 67
List the prime factors of 18944431.
11, 47, 36643
List the prime factors of 3296078.
2, 1648039
List the prime factors of 292261.
23, 97, 131
List the prime factors of 5385080.
2, 5, 61, 2207
List the prime factors of 16522370.
2, 5, 1652237
List the prime factors of 4858252.
2, 7, 3541
What are the prime factors of 6002063?
6002063
List the prime factors of 2172818.
2, 719, 1511
List the prime factors of 771637.
771637
What are the prime factors of 59047?
137, 431
List the prime factors of 378245.
5, 7, 101, 107
What are the prime factors of 489255?
3, 5, 13, 193
List the prime factors of 27670092.
2, 3, 659, 3499
What are the prime factors of 797749?
463, 1723
List the prime factors of 2238852.
2, 3, 7, 11, 2423
List the prime factors of 5745980.
2, 5, 19, 15121
What are the prime factors of 8782703?
31, 73, 3881
What are the prime factors of 139901?
139901
List the prime factors of 144889.
144889
List the prime factors of 3799253.
173, 21961
What are the prime factors of 1889868?
2, 3, 157489
What are the prime factors of 1965540?
2, 3, 5, 17, 41, 47
List the prime factors of 43703.
11, 29, 137
What are the prime factors of 14953742?
2, 113, 127, 521
What are the prime factors of 985881?
3, 13, 17, 1487
What are the prime factors of 51017?
17, 3001
List the prime factors of 130109.
7, 18587
List the prime factors of 1874811.
3, 17, 36761
List the prime factors of 595659.
3, 198553
List the prime factors of 1881432.
2, 3, 7, 3733
List the prime factors of 127616.
2, 997
List the prime factors of 4103409.
3, 17, 61, 1319
List the prime factors of 299341.
7, 41, 149
List the prime factors of 129722.
2, 37, 1753
List the prime factors of 25978640.
2, 5, 324733
List the prime factors of 1405250.
2, 5, 7, 11, 73
List the prime factors of 95495.
5, 71, 269
List the prime factors of 506114.
2, 7, 36151
List the prime factors of 2705099.
23, 337, 349
What are the prime factors of 4335638?
2, 23, 94253
List the prime factors of 360950.
2, 5, 7219
What are the prime factors of 208225?
5, 8329
What are the prime factors of 58548?
2, 3, 7, 17, 41
What are the prime factors of 279585?
3, 5, 19, 109
What are the prime factors of 2292243?
3, 764081
List the prime factors of 614670.
2, 3, 5, 7, 2927
List the prime factors of 47475.
3, 5, 211
List the prime factors of 6522477.
3, 13, 29, 73, 79
What are the prime factors of 5556481?
7, 47, 16889
List the prime factors of 387827.
11, 35257
List the prime factors of 744655.
5, 148931
What are the prime factors of 774871?
331, 2341
List the prime factors of 3339869.
13, 109, 2357
List the prime factors of 2769109.
7, 73, 5419
What are the prime factors of 181676?
2, 11, 4129
What are the prime factors of 161937?
3, 19, 947
List the prime factors of 2990835.
3, 5, 66463
What are the prime factors of 3750064?
2, 17, 811
What are the prime factors of 1921038?
2, 3, 7, 53, 863
List the prime factors of 1506514.
2, 753257
List the prime factors of 1985439.
3, 43, 15391
What are the prime factors of 2961935?
5, 592387
List the prime factors of 72908.
2, 11, 1657
List the prime factors of 10817507.
179, 223, 271
What are the prime factors of 36363810?
2, 3, 5, 7, 43, 4027
List the prime factors of 214243.
214243
What are the prime factors of 2345609?
7, 17, 23, 857
List the prime factors of 17595708.
2, 3, 13, 149, 757
What are the prime factors of 5413199?
11, 151, 3259
What are the prime factors of 1474850?
2, 5, 13, 2269
List the prime factors of 490780.
2, 5, 53, 463
List the prime factors of 20987242.
2, 29, 233, 1553
What are the prime factors of 13822963?
7, 11, 179519
What are the prime factors of 5000556?
2, 3, 11, 43, 881
What are the prime factors of 1998832?
2, 11, 41, 277
List the prime factors of 4593692.
2, 79, 14537
List the prime factors of 3030325.
5, 47, 2579
What are the prime factors of 6088835?
5, 19, 107, 599
List the prime factors of 16635033.
3, 1848337
What are the prime factors of 3987813?
3, 661, 2011
What are the prime factors of 529349?
529349
List the prime factors of 287965.
5, 57593
What are the prime factors of 4044766?
2, 11, 37, 4969
List the prime factors of 3098382.
2, 3, 7, 73771
What are the prime factors of 338639?
7, 6911
What are the prime factors of 401975?
5, 7, 2297
List the prime factors of 3507628.
2, 19, 46153
List the prime factors of 91875.
3, 5, 7
List the prime factors of 8393945.
5, 7, 34261
List the prime factors of 2920576.
2, 22817
What are the prime factors of 235043?
235043
What are the prime factors of 12505621?
79, 311, 509
What are the prime factors of 193595?
5, 31, 1249
What are the prime factors of 1112344?
2, 17, 8179
What are the prime factors of 3416332?
2, 854083
List the prime factors of 33186.
2, 3, 5531
What are the prime factors of 3509125?
5, 67, 419
List the prime factors of 3309931.
97, 34123
What are the prime factors of 97153?
7, 13879
What are the prime factors of 18038608?
2, 7, 161059
What are the prime factors of 27414711?
3, 3046079
What are the prime factors of 2261914?
2, 1130957
What are the prime factors of 605520?
2, 3, 5, 29
List the prime factors of 236501.
71, 3331
List the prime factors of 56297.
19, 2963
List the prime factors of 320689.
23, 73, 191
What are the prime factors of 183912?
2, 3, 79, 97
What are the prime factors of 412162?
2, 206081
What are the prime factors of 156165?
3, 5, 29, 359
List the prime factors of 10547684.
2, 7, 17, 22159
What are the prime factors of 1258830?
2, 3, 5, 71, 197
What are the prime factors of 17548201?
11, 31, 51461
List the prime factors of 20795482.
2, 31, 335411
List the prime factors of 28902381.
3, 479, 20113
List the prime factors of 1567669.
439, 3571
List the prime factors of 6583211.
6583211
What are the prime factors of 928870?
2, 5, 29, 3203
List the prime factors of 16119870.
2, 3, 5, 13, 41333
What are the prime factors of 1029853?
11, 251, 373
What are the prime factors of 70657?
70657
List the prime factors of 6214704.
2, 3, 43, 3011
List the prime factors of 7803555.
3, 5, 23, 22619
List the prime factors of 178148.
2, 44537
What are the prime factors of 10025325?
3, 5, 